f k**5/60 - 11*k**4/24 - 5*k**3/6 + 4*k**2. Let x be n(12). Let y(r) = -r**2 + 10*r - 1. List the prime factors of y(x).
2, 5
Let k(a) = 56*a**2 - 2*a - 6. Let p(w) = -w**2 + 1. Let j(f) = k(f) + 5*p(f). List the prime factors of j(-1).
2, 13
Let o be (-2)/12*-3*78. Suppose c - 168 = -o. Suppose 3*p + 2*b - 125 = 0, -c - 47 = -4*p - 5*b. List the prime factors of p.
3, 13
Let o = 15 - -16. Let p = o + -23. Suppose 6*q - p = 16. What are the prime factors of q?
2
Let i(a) = -a + 12. Let v be (2/5)/(4/20). Suppose 0 = v*h, 3*u - 4*u = -3*h + 12. What are the prime factors of i(u)?
2, 3
Let j(d) = 2*d - 37. Let v be j(26). What are the prime factors of v/(-3) + (-620)/(-4)?
2, 3, 5
Suppose 5*j - 2263 = -5*g - 428, -4*g + 5*j + 1495 = 0. What are the prime factors of g?
2, 5, 37
Let i be -6*(4/2)/(-6). Let k be 417/5 - 9*(-13)/195. Suppose k - 20 = i*u. What are the prime factors of u?
2
Let x be (1 - (-10)/(-2))/2. Let f = 3 + x. Let r = f + 2. List the prime factors of r.
3
Let a(i) = -i - 4. Let h be a(-7). Suppose h*l - 3*o = 8*l - 18, 0 = 2*o - 2. Suppose 5*r - l*x - 119 = x, 4*x = 2*r - 38. What are the prime factors of r?
3
Let r = 220 - 176. What are the prime factors of r?
2, 11
Suppose -2*z + 60 = z. Let m = 73 - 45. Let o = m - z. List the prime factors of o.
2
Suppose 29*j - 30*j = -39. What are the prime factors of j?
3, 13
Let f(u) = -u**3 - u**2 + 11*u + 4. Let h be f(-5). Suppose 4*a - 3*a = -5*l + h, 2*a - 131 = l. List the prime factors of a.
2
Suppose -9*f + 6*f + 12 = 0. Suppose f*j + 15 = -3*y, 8 = 3*y + y - 4*j. Let m(a) = -24*a - 3. What are the prime factors of m(y)?
3, 7
Let u(o) = -491*o + 183. List the prime factors of u(-6).
3, 7, 149
Suppose -1 = 8*v + 23. List the prime factors of 7/(((-12)/20)/v).
5, 7
Suppose 13 = u - j, 4*j - 2*j = -10. Let g(p) = -2*p + 13. Let h be g(u). Let f(s) = -s**3 + 2*s**2 + 3*s - 2. What are the prime factors of f(h)?
2, 17
Let q = 97 + 23. What are the prime factors of q?
2, 3, 5
Let d(k) = k**3 + 10*k**2 + 6*k - 21. Let u(z) = 3*z**2 + 20*z + 3. Let h be u(-6). List the prime factors of d(h).
2, 3
Let d(x) = -293*x - 84. List the prime factors of d(-1).
11, 19
Let j = 79 + -78. Let r(l) = 160*l**2 - 2*l + 3. List the prime factors of r(j).
7, 23
Let p = 68 - 63. Suppose 0 = -3*h - p*g + 368, -5*g - 338 - 106 = -4*h. List the prime factors of h.
2, 29
Let c be -8 + 8*(-5)/10. Let h = 71 - c. List the prime factors of h.
83
Suppose 0*r + 24 = 6*r. What are the prime factors of 59*r/8*2?
59
Let i = 2441 - 843. What are the prime factors of i?
2, 17, 47
Let q(g) = -1. Let z(v) = 47*v**3 + v**2 + v - 3. Let t(j) = j**3 - j + 1. Let r(h) = -3*t(h) - z(h). Let l(f) = -2*q(f) - r(f). List the prime factors of l(1).
3, 17
Let a(j) = -29*j + 5. Let i be (-1)/((-3)/18*1). Let h(n) = 57*n - 10. Let w(k) = i*h(k) + 11*a(k). What are the prime factors of w(3)?
2
Suppose -4 = -4*j - 4*l, -j + 5*l = -3*j - 1. Let v be j - (2 - 1) - 9. List the prime factors of 1 - v - (-10 - -7).
2, 3
Suppose 4*k - 5216 = 2*k - r, k = 2*r + 2603. List the prime factors of k.
3, 11, 79
Suppose -p + 12 = 3*g + 1, -3*p = -2*g - 11. Suppose 2*h - 458 = 3*q, p*h - 4*q = 3*h + 456. List the prime factors of h.
2, 29
Suppose -5*s = 20, 0 = 7*n - 2*n + s - 706. Let p = -83 + n. List the prime factors of p.
59
Let a = 323 + -211. Let i = -50 + a. What are the prime factors of i?
2, 31
Let g(p) = -4*p - 18. Let t be g(-5). Suppose 4*j - 1100 = 4*v, t*j = v - 0*v + 550. List the prime factors of j.
5, 11
Let s be (-3 + -20)*(2 + -1). Let m = s - -47. Let l = m + 3. What are the prime factors of l?
3
Suppose -g + 1 + 1 = 0. Suppose -85 = -g*k + 33. List the prime factors of k.
59
Suppose 2*g + 27 = -5*x + 5, 3*g - x = 1. Let j be 0 - (1 + g - -4). List the prime factors of 2/(j/(-94)*1).
47
Let s(l) = l**2 - 9*l + 15. Let u be s(8). Let p(t) = 7 + 9*t + 4*t**2 + t**2 + t**2 - t**3. What are the prime factors of p(u)?
3, 7
Suppose 0 = 2*v + 3*v - 15. Suppose w + 54 = -d + 3*w, v*w - 147 = 3*d. Let n = 78 + d. What are the prime factors of n?
2, 17
Let n(i) = -i**2 + 5*i + 4. Let m be n(5). Suppose 3*q = 5 + m. List the prime factors of q.
3
Let r(z) = -z**2 + z + 7. Let y be r(0). Let q = y - -16. Suppose 1 = -w + q. List the prime factors of w.
2, 11
Suppose 3*w = -c + 682, -1133 = 19*w - 24*w + 2*c. List the prime factors of w.
227
Let h be (0 + -1)*(-20 - 4)/4. Suppose -439 = h*f - 2185. What are the prime factors of f?
3, 97
Suppose -2*p + 860 = -q + 3*q, 2*p - 1710 = -4*q. What are the prime factors of q?
5, 17
Let n = -37 - -72. Suppose 3*d + n = -2*o + 320, -2*o = 4*d - 378. List the prime factors of d.
3, 31
Let c(y) = 0 - 3*y + 4*y + 3. Let n be c(0). Suppose -j = -v - 52, -n*j + 2*v = -122 - 33. What are the prime factors of j?
3, 17
Suppose -3*u + b - 1 = 0, -3*u = u + b - 1. Suppose h + u*h - 145 = 0. What are the prime factors of h?
5, 29
Let g = 14 - 14. Suppose h + h + 80 = 5*f, -4*f - 5*h + 64 = g. Suppose -k - f = -3*k. What are the prime factors of k?
2
Let f(h) = -h**3 - 5*h**2 - h. Let c be f(-5). Suppose -j + c*k = 13, 6*k = 2*k + 12. Suppose -2 = 2*x - 0*x - j*b, 4*x = 5*b - 7. List the prime factors of x.
2
Let x = -176 + 341. What are the prime factors of x?
3, 5, 11
Let w(f) = -f**2 - 17*f + 43. Let o be w(-19). Suppose o*d = -5*i + 765, -3*i + 7*d = 6*d - 459. List the prime factors of i.
3, 17
Suppose 5*w = 4*u + 24015, -2*w - 82 + 9690 = -2*u. What are the prime factors of w?
4799
Suppose 8 + 0 = 4*x. Suppose -r + x*f = 6*f - 34, 116 = 2*r - 4*f. What are the prime factors of r?
2, 5
Suppose v + 0*v = 3. Suppose -2*t = v*b - 64, 3*b - 93 = 4*t - 5. Let g = b + -9. What are the prime factors of g?
3, 5
Suppose -122 = -6*a + 7*a - 2*r, 0 = 4*a - 4*r + 468. Let t = a - -167. List the prime factors of t.
5, 11
List the prime factors of 594/(-121) + 5 - (-13242)/22.
2, 7, 43
Let o(h) = 37*h. Let a = 36 - 16. Let u = a + -19. What are the prime factors of o(u)?
37
Let s(p) be the third derivative of -p**5/10 - 2*p**4/3 - 2*p**3/3 + 5*p**2. Let w(t) be the first derivative of s(t). What are the prime factors of w(-7)?
2, 17
Suppose 3302 = 3*f - 5*o, 2*f - 6*o - 2243 = -11*o. What are the prime factors of f?
1109
Suppose d - 12 = 2*a, 4*a - 17 = -d + 7*a. Suppose -9 = d*n + n, -4*h = -5*n - 315. What are the prime factors of h?
3, 5
Suppose 6*x = 2*x - 84. Let r = -12 - x. Suppose -2*u + r = 3. What are the prime factors of u?
3
Let p(c) = -c**3 - 18*c**2 + 23*c - 128. List the prime factors of p(-21).
2, 89
Suppose 0 = -y + 10*s - 14*s + 1844, 0 = 3*y - 5*s - 5600. List the prime factors of y.
2, 3, 5, 31
Suppose z - 3*n - 108 = -3*z, 0 = 2*z + 4*n - 54. Suppose z = l - 2*s, 0 = -6*l + 2*l + 3*s + 128. What are the prime factors of l?
5, 7
Suppose -3*m + m = -s - 26, 20 = -s + 5*m. Let k = s - -36. List the prime factors of (-114)/5*(-20)/k.
2, 19
Let u(n) be the second derivative of -n**5/20 - 7*n**4/12 - 2*n**3 - n**2 + 4*n. Let r be u(-5). Let m = 10 - r. What are the prime factors of m?
2
Suppose -5*b - 4*g = -15, b - 15 = -4*b + 3*g. Suppose 2*s - 310 = -b*s. What are the prime factors of s?
2, 31
Let y(r) = -r**2 + 2*r + 6. Let d be y(3). Suppose -d*g + g = -82. Suppose 0 = -5*n + 4*n + g. List the prime factors of n.
41
Suppose 8 = y + 5. Let v be 11/y + 7/21. Suppose 0 = -2*r - s + 106, 3*r - v*s - 159 = -s. What are the prime factors of r?
53
Let o(s) = 86*s**2 - 2*s + 1. Let l = -15 + 16. What are the prime factors of o(l)?
5, 17
Suppose 5*g - 3*g = 32. Let k = 39 + g. Let m = -24 + k. What are the prime factors of m?
31
Suppose -p = -0 + 2, q = p + 175. Suppose -1 = -6*m + q. Suppose j - o = 2*o + m, 0 = -5*j - 5*o + 45. List the prime factors of j.
2, 7
Let b = -1130 + 1616. List the prime factors of b.
2, 3
Let s(p) = -p**3 + 6*p**2 + p - 3. Let l be s(6). Suppose 0 = -l*v - 57 + 174. What are the prime factors of v?
3, 13
Let r = -21 - -21. Let w = -4 + r. List the prime factors of 1 - (-16 + w - 4).
5
Let v(q) = q**2 + 7*q + 13. Let b(c) = c**2 - 15*c + 7. Let m be b(14). What are the prime factors of v(m)?
13
Let t(i) = i + 2. Let n be t(-1). Suppose -117 + 27 = -5*r - 5*v, 0 = 5*r - 3*v - 106. Suppose 0 = h + n - r. List the prime factors of h.
19
Suppose -2 = 4*h - 5*h. Suppose -1 = -h*f 